undred thousands digit of 633986?
6
What is the hundred thousands digit of 155649?
1
What is the ten thousands digit of 392713?
9
What is the tens digit of 10211067?
6
What is the ten thousands digit of 499066?
9
What is the ten millions digit of 28214307?
2
What is the tens digit of 125336?
3
What is the millions digit of 3724662?
3
What is the hundreds digit of 267266?
2
What is the ten millions digit of 11369858?
1
What is the hundred thousands digit of 6419912?
4
What is the ten thousands digit of 53893?
5
What is the ten thousands digit of 9709874?
0
What is the ten thousands digit of 10884835?
8
What is the thousands digit of 226521?
6
What is the hundred thousands digit of 1516402?
5
What is the hundred thousands digit of 37051808?
0
What is the hundreds digit of 13881003?
0
What is the units digit of 2281850?
0
What is the thousands digit of 1366002?
6
What is the thousands digit of 217214?
7
What is the hundred thousands digit of 1906482?
9
What is the millions digit of 8440958?
8
What is the hundred thousands digit of 429089?
4
What is the hundreds digit of 2769542?
5
What is the millions digit of 8696262?
8
What is the units digit of 305717?
7
What is the units digit of 928164?
4
What is the hundred thousands digit of 3037722?
0
What is the thousands digit of 80802?
0
What is the tens digit of 253110?
1
What is the units digit of 321440?
0
What is the hundred thousands digit of 537583?
5
What is the units digit of 25456270?
0
What is the tens digit of 52853?
5
What is the units digit of 556327?
7
What is the hundreds digit of 7379660?
6
What is the hundred thousands digit of 6868462?
8
What is the ten thousands digit of 103205?
0
What is the tens digit of 985029?
2
What is the millions digit of 3691225?
3
What is the tens digit of 68312?
1
What is the tens digit of 1644621?
2
What is the units digit of 2277862?
2
What is the hundred thousands digit of 424153?
4
What is the hundred thousands digit of 547338?
5
What is the millions digit of 11202750?
1
What is the thousands digit of 4750026?
0
What is the millions digit of 13225766?
3
What is the millions digit of 1044637?
1
What is the hundreds digit of 369369?
3
What is the thousands digit of 21979056?
9
What is the hundreds digit of 119644?
6
What is the tens digit of 1444932?
3
What is the hundred thousands digit of 108013?
1
What is the ten millions digit of 19585587?
1
What is the hundred thousands digit of 1098042?
0
What is the units digit of 93430?
0
What is the thousands digit of 6808145?
8
What is the units digit of 9172935?
5
What is the tens digit of 1759694?
9
What is the hundreds digit of 1417113?
1
What is the thousands digit of 116299?
6
What is the hundred thousands digit of 238839?
2
What is the thousands digit of 1249296?
9
What is the hundred thousands digit of 405213?
4
What is the units digit of 911957?
7
What is the millions digit of 9355821?
9
What is the hundred thousands digit of 6907259?
9
What is the hundreds digit of 9726530?
5
What is the ten thousands digit of 249609?
4
What is the hundreds digit of 16393363?
3
What is the hundred thousands digit of 158342?
1
What is the hundreds digit of 1108077?
0
What is the tens digit of 540437?
3
What is the tens digit of 219487?
8
What is the tens digit of 400630?
3
What is the thousands digit of 438002?
8
What is the ten thousands digit of 909457?
0
What is the hundreds digit of 347305?
3
What is the tens digit of 7507593?
9
What is the ten thousands digit of 813786?
1
What is the ten thousands digit of 2695359?
9
What is the ten thousands digit of 3264235?
6
What is the units digit of 14488958?
8
What is the tens digit of 1347560?
6
What is the hundreds digit of 1019344?
3
What is the tens digit of 7337?
3
What is the hundred thousands digit of 6931125?
9
What is the ten thousands digit of 262194?
6
What is the hundreds digit of 653502?
5
What is the ten thousands digit of 429305?
2
What is the tens digit of 2231435?
3
What is the units digit of 78887?
7
What is the hundred thousands digit of 30158649?
1
What is the hundred thousands digit of 399169?
3
What is the thousands digit of 171748?
1
What is the hundreds digit of 2195874?
8
What is the hundreds digit of 662857?
8
What is the ten thousands digit of 671912?
7
What is the hundreds digit of 13913659?
6
What is the hundreds digit of 18892683?
6
What is the thousands digit of 268051?
8
What is the hundreds digit of 3812594?
5
What is the hundreds digit of 14007?
0
What is the thousands digit of 1017772?
7
What is the tens digit of 125398?
9
What is the thousands digit of 371382?
1
What is the units digit of 9335887?
7
What is the hundreds digit of 332911?
9
What is the ten thousands digit of 18159789?
5
What is the hundred thousands digit of 108230?
1
What is the ten thousands digit of 41574323?
7
What is the units digit of 681791?
1
What is the millions digit of 1278820?
1
What is the thousands digit of 1011522?
1
What is the ten thousands digit of 15807876?
0
What is the ten thousands digit of 605772?
0
What is the hundreds digit of 171799?
7
What is the thousands digit of 652140?
2
What is the tens digit of 2351665?
6
What is the millions digit of 2623998?
2
What is the tens digit of 6102306?
0
What is the units digit of 2315931?
1
What is the thousands digit of 1790671?
0
What is the thousands digit of 2277572?
7
What is the units digit of 492052?
2
What is the units digit of 116060?
0
What is the units digit of 422689?
9
What is the thousands digit of 1997246?
7
What is the hundred thousands digit of 185792?
1
What is the ten millions digit of 20892235?
2
What is the tens digit of 14737035?
3
What is the tens digit of 880798?
9
What is the hundred thousands digit of 5343670?
3
What is the tens digit of 200007?
0
What is the thousands digit of 5664588?
4
What is the thousands digit of 120443?
0
What is the hundred thousands digit of 3724885?
7
What is the tens digit of 1602193?
9
What is the hundreds digit of 1827026?
0
What is the tens digit of 168259?
5
What is the ten thousands digit of 154769?
5
What is the thousands digit of 290095?
0
What is the tens digit of 104806?
0
What is the hundreds digit of 538262?
2
What is the tens digit of 40038765?
6
What is the ten thousands digit of 3257916?
5
What is the tens digit of 18463027?
2
What is the ten thousands digit of 1296671?
9
What is the tens digit of 516003?
0
What is the tens digit of 19003651?
5
What is the tens digit of 4598676?
7
What is the tens digit of 191405?
0
What is the ten millions digit of 16479972?
1
What is the thousands digit of 10596905?
6
What is the hundred thousands digit of 906242?
9
What is the hundred thousands digit of 412279?
4
What is the thousands digit of 851192?
1
What is the tens digit of 296564?
6
What is the thousands digit of 954601?
4
What is the ten thousands digit of 1440552?
4
What is the thousands digit of 30252?
0
What is the hundred thousands digit of 283875?
2
What is the millions digit of 7827119?
7
What is the hundreds digit of 233505?
5
What is the millions digit of 1372105?
1
What is the hundreds digit of 235850?
8
What is the units digit of 8174491?
1
What is the ten thousands digit of 375314?
7
What is the units digit of 199807?
7
What is the tens digit of 25909744?
4
What is the tens digit of 536882?
8
What is the ten thousands digit of 1987765?
8
What is the thousands digit of 32746?
2
What is the tens digit of 25512?
1
What is the hundreds digit of 34205255?
2
What is the hundred thousands digit of 9988628?
9
What is the ten thousands digit of 1406791?
0
What is the ten thousands digit of 1426473?
2
What is the hundred thousands digit of 899861?
8
What is the ten thousands digit of 917569?
1
What is the hundreds digit of 148980?
9
What is the ten thousands digit of 261579?
6
What is the thousands digit of 917272?
7
What is the thousands digit of 163056?
3
What is the thousands digit of 703625?
3
What is the ten thousands digit of 126823?
2
What is the hundreds digit of 553950?
9
What is the tens digit of 111193?
9
What is the tens digit of 11047157?
5
What is the units digit of 5117965?
5
What is the units digit of 120246?
6
What is the hundreds digit of 410399?
3
What is the thousands digit of 289348?
9
What is the millions digit of 10282721?
0
W